2009:
Jan.
Feb.
März
April
Mai
Juni
Juli
Aug.
Sep.
Okt.
Nov.
Dez.
2010:
Jan.
Feb.
März
April
Mai
Juni
Juli
Aug.
Sep.
Okt.
Nov.
Dez.
2011:
Jan.
Feb.
März
April
Mai
Juni
Juli
Aug.
Sep.
Okt.
Nov.
Dez.
2012:
Jan.
Feb.
März
April
Mai
Juni
Juli
Aug.
Sep.
Okt.
Nov.
Dez.
2013:
Jan.
Feb.
März
April
Mai
Juni
Juli
Aug.
Sep.
Okt.
Nov.
Dez.
2014:
Jan.
Feb.
März
April
Mai
Juni
Juli
Aug.
Sep.
Okt.
Nov.
Dez.
2015:
Jan.
Feb.
März
April
Mai
Juni
Juli
Aug.
Sep.
Okt.
Nov.
Dez.
2016:
Jan.
Feb.
März
April
Mai
Juni
Juli
Aug.
Sep.
Okt.
Nov.
Dez.
2017:
Jan.
Feb.
März
April
Mai
Juni
Juli
Aug.
Sep.
Okt.
Nov.
Dez.
2018:
Jan.
Feb.
März
April
Mai
Juni
Juli
Aug.
Sep.
Okt.
Nov.
Dez.
2019:
Jan.
Feb.
März
April
Mai
Juni
Juli
Aug.
Sep.
Okt.
Nov.
Dez.
2020:
Jan.
Feb.
März
April
Mai
Juni
Juli
Aug.
Sep.
Okt.
Nov.
Dez.
2021:
Jan.
Feb.
März
April
Mai
Juni
Juli
Aug.
Sep.
Okt.
Nov.
Dez.
MONTHLY CLIMATOLOGICAL SUMMARY for APR. 2024 NAME: Wetterstation Eibach Hauptstrasse 11 CITY: Dillenburg-Eibach STATE: Deutschland ELEV: 300 m LAT: 50° 44' 42" N LONG: 8° 19' 30" E TEMPERATURE (°C), RAIN (mm), WIND SPEED (km/hr) HEAT COOL AVG MEAN DEG DEG WIND DOM DAY TEMP HIGH TIME LOW TIME DAYS DAYS RAIN SPEED HIGH TIME DIR ------------------------------------------------------------------------------------ 1 8.5 9.9 18:45 7.2 21:30 9.8 0.0 6.8 3.1 38.6 15:45 W 2 8.0 12.4 16:00 3.7 4:45 10.3 0.0 1.0 5.5 37.0 12:30 WNW 3 9.1 10.6 12:15 7.0 1:00 9.2 0.0 2.2 2.3 19.3 14:00 WNW 4 9.7 14.2 17:30 4.8 3:00 8.6 0.0 6.4 4.7 38.6 15:45 WNW 5 13.1 19.6 17:45 6.6 0:15 5.2 0.0 0.6 4.5 37.0 17:00 WNW 6 16.7 26.9 16:00 8.2 7:30 3.6 1.9 0.4 2.6 22.5 13:00 WNW 7 17.9 24.4 16:00 11.8 2:45 1.8 1.5 0.0 4.0 32.2 14:00 WNW 8 17.9 25.6 17:30 10.8 7:45 2.4 2.0 0.0 3.5 30.6 16:00 WNW 9 12.3 16.1 6:30 7.8 23:45 6.0 0.0 0.0 6.0 33.8 11:30 WNW 10 9.1 14.8 19:45 3.3 00:00 9.2 0.0 0.0 3.7 25.7 10:30 W 11 9.3 18.5 16:15 0.2 6:45 9.0 0.0 0.0 2.7 25.7 15:15 WNW 12 11.4 17.6 14:45 4.6 7:00 6.9 0.0 0.0 2.7 22.5 15:00 ESE 13 14.9 24.2 17:00 5.7 7:15 5.0 1.6 0.2 3.4 25.7 14:30 E 14 14.7 19.1 16:45 10.5 00:00 3.6 0.0 0.0 6.1 38.6 14:00 WNW 15 9.2 15.7 16:15 3.0 19:00 9.2 0.0 0.0 7.7 59.5 18:15 WNW 16 5.1 8.4 16:00 3.3 7:15 13.2 0.0 2.0 6.9 45.1 13:30 WNW 17 5.1 9.1 11:15 1.5 6:15 13.3 0.0 0.8 3.4 25.7 13:00 WNW 18 6.2 13.3 16:00 1.3 3:45 12.1 0.0 0.0 3.2 27.4 15:30 WNW 19 5.2 7.6 16:15 3.4 1:15 13.1 0.0 11.8 6.6 37.0 21:30 W 20 5.6 9.7 13:45 3.7 8:15 12.7 0.0 4.4 5.0 27.4 14:30 WSW 21 3.9 7.3 17:30 -0.3 00:00 14.4 0.0 1.6 6.1 38.6 17:45 E 22 2.8 8.7 17:00 -2.9 6:15 15.5 0.0 0.2 2.4 22.5 16:15 E 23 3.9 12.3 15:30 -3.9 6:45 14.4 0.0 0.2 2.4 20.9 14:15 E 24 4.5 9.3 17:15 1.7 0:15 13.8 0.0 0.8 6.6 40.2 17:30 W 25 2.6 3.1 6:15 1.7 3:15 5.6 0.0 2.0 2.6 17.7 6:45 WSW 26 27 28 29 30 ------------------------------------------------------------------------------------- 9.1 26.9 6 -3.9 23 227.8 7.0 41.4 4.3 59.5 15 WNW Max >= 32.0: 0 Max <= 0.0: 0 Min <= 0.0: 3 Min <= -18.0: 0 Max Rain: 11.81 ON 19.04.24 Days of Rain: 16 (> .2 mm) 7 (> 2 mm) 0 (> 20 mm) Heat Base: 18.3 Cool Base: 18.3 Method: Integration
ANNUAL CLIMATOLOGICAL SUMMARY NAME: Wetterstation Eibach Hauptstrasse 11 CITY: Dillenburg-Eibach STATE: Deutschland ELEV: 300 m LAT: 50° 44' 42" N LONG: 8° 19' 30" E TEMPERATURE (°C), HEAT BASE 18.3, COOL BASE 18.3 DEP. HEAT COOL MEAN MEAN FROM DEG DEG MAX MAX MIN MIN YR MO MAX MIN MEAN NORM DAYS DAYS HI DATE LOW DATE >=32 <=0 <=0 <=-18 ------------------------------------------------------------------------------------ 24 1 4.1 -2.4 0.9 0.0 539 0 12.3 24 -13.3 20 0 8 20 0 24 2 10.0 3.5 6.6 0.0 340 0 15.3 16 -2.9 29 0 0 6 0 24 3 12.4 2.5 7.0 0.0 351 0 19.8 20 -2.7 8 0 0 5 0 24 4 14.3 4.2 9.1 0.0 228 7 26.9 6 -3.9 23 0 0 3 0 24 5 24 6 24 7 24 8 24 9 24 10 24 11 24 12 ------------------------------------------------------------------------------------ 10.0 1.8 5.7 0.0 1457 7 26.9 APR -13.3 JAN 0 8 34 0 PRECIPITATION (mm) DEP. MAX DAYS OF RAIN FROM OBS. OVER YR MO TOTAL NORM DAY DATE .2 2 20 --------------------------------------------- 24 1 73.6 0.0 25.8 2 17 6 2 24 2 86.6 0.0 19.6 7 23 13 0 24 3 59.3 0.0 14.4 11 19 10 0 24 4 41.4 0.0 11.8 19 16 7 0 24 5 24 6 24 7 24 8 24 9 24 10 24 11 24 12 --------------------------------------------- 260.9 0.0 25.8 JAN 75 36 2 WIND SPEED (km/hr) DOM YR MO AVG. HI DATE DIR --------------------------------- 24 1 4.5 69.2 24 W 24 2 4.2 48.3 4 W 24 3 3.0 49.9 28 E 24 4 4.3 59.5 15 WNW 24 5 24 6 24 7 24 8 24 9 24 10 24 11 24 12 --------------------------------- 4.0 69.2 JAN WNW
Zurück zur Startseite: