2009:
Jan.
Feb.
März
April
Mai
Juni
Juli
Aug.
Sep.
Okt.
Nov.
Dez.
2010:
Jan.
Feb.
März
April
Mai
Juni
Juli
Aug.
Sep.
Okt.
Nov.
Dez.
2011:
Jan.
Feb.
März
April
Mai
Juni
Juli
Aug.
Sep.
Okt.
Nov.
Dez.
2012:
Jan.
Feb.
März
April
Mai
Juni
Juli
Aug.
Sep.
Okt.
Nov.
Dez.
2013:
Jan.
Feb.
März
April
Mai
Juni
Juli
Aug.
Sep.
Okt.
Nov.
Dez.
2014:
Jan.
Feb.
März
April
Mai
Juni
Juli
Aug.
Sep.
Okt.
Nov.
Dez.
2015:
Jan.
Feb.
März
April
Mai
Juni
Juli
Aug.
Sep.
Okt.
Nov.
Dez.
2016:
Jan.
Feb.
März
April
Mai
Juni
Juli
Aug.
Sep.
Okt.
Nov.
Dez.
2017:
Jan.
Feb.
März
April
Mai
Juni
Juli
Aug.
Sep.
Okt.
Nov.
Dez.
2018:
Jan.
Feb.
März
April
Mai
Juni
Juli
Aug.
Sep.
Okt.
Nov.
Dez.
2019:
Jan.
Feb.
März
April
Mai
Juni
Juli
Aug.
Sep.
Okt.
Nov.
Dez.
2020:
Jan.
Feb.
März
April
Mai
Juni
Juli
Aug.
Sep.
Okt.
Nov.
Dez.
2021:
Jan.
Feb.
März
April
Mai
Juni
Juli
Aug.
Sep.
Okt.
Nov.
Dez.
MONTHLY CLIMATOLOGICAL SUMMARY for FEB. 2016 NAME: Wetterstation Eibach Hauptstrasse 11 CITY: Dillenburg-Eibach STATE: Deutschland ELEV: 300 m LAT: 50° 44' 42" N LONG: 8° 19' 30" E TEMPERATURE (°C), RAIN (mm), WIND SPEED (km/hr) HEAT COOL AVG MEAN DEG DEG WIND DOM DAY TEMP HIGH TIME LOW TIME DAYS DAYS RAIN SPEED HIGH TIME DIR ------------------------------------------------------------------------------------ 1 10.8 11.8 13:45 9.6 23:00 7.5 0.0 1.2 10.9 49.9 4:15 W 2 9.2 11.4 13:15 5.2 23:15 9.1 0.0 8.6 10.8 49.9 4:00 WNW 3 3.6 5.7 0:30 1.3 18:30 14.7 0.0 1.8 6.8 46.7 11:30 W 4 2.9 4.1 18:15 1.3 16:00 15.4 0.0 6.0 2.9 24.1 0:30 W 5 5.1 8.0 17:15 2.0 5:00 13.3 0.0 0.8 0.3 11.3 0:45 WSW 6 7.8 12.0 15:15 4.8 22:00 10.5 0.0 0.0 0.5 16.1 11:45 ESE 7 7.9 9.5 10:00 5.1 0:15 10.4 0.0 0.0 2.7 33.8 15:45 WNW 8 6.6 7.9 15:15 5.7 1:15 11.7 0.0 5.6 7.9 46.7 22:45 WNW 9 5.8 8.1 15:30 2.5 21:30 12.5 0.0 13.2 8.2 64.4 19:30 WNW 10 2.6 4.1 16:00 0.5 3:15 15.7 0.0 2.6 3.4 29.0 20:30 W 11 3.5 6.6 15:45 1.8 5:45 14.8 0.0 0.8 3.5 35.4 12:30 W 12 1.7 4.0 15:30 -0.4 00:00 16.6 0.0 1.4 0.6 16.1 13:45 E 13 -0.3 2.3 23:45 -4.3 7:45 18.6 0.0 4.0 0.8 19.3 12:00 E 14 2.8 3.9 11:00 1.7 7:15 15.5 0.0 2.6 0.6 16.1 13:30 W 15 1.7 3.2 11:45 -0.8 00:00 16.6 0.0 0.2 1.3 24.1 18:00 W 16 -1.6 3.3 14:15 -5.2 7:45 19.9 0.0 0.0 0.8 16.1 17:00 ESE 17 0.4 3.2 13:45 -2.8 0:15 17.9 0.0 0.0 2.1 19.3 4:45 E 18 1.2 4.7 16:30 -2.2 00:00 17.1 0.0 0.0 0.6 17.7 17:00 WNW 19 0.2 4.1 13:00 -2.2 0:15 18.1 0.0 0.0 1.0 17.7 15:00 WSW 20 3.9 9.1 00:00 -1.4 0:45 14.4 0.0 7.4 2.4 30.6 14:45 WNW 21 10.7 12.4 17:00 9.1 0:15 7.6 0.0 2.2 10.9 48.3 7:30 W 22 8.1 10.6 0:45 2.1 00:00 10.2 0.0 5.6 6.3 35.4 0:15 W 23 2.4 4.9 16:15 1.1 5:30 15.9 0.0 3.4 1.8 24.1 16:45 WSW 24 2.4 6.7 13:30 -1.2 00:00 15.9 0.0 0.0 1.9 25.7 10:45 W 25 -0.4 3.9 16:00 -4.9 7:30 18.8 0.0 0.2 2.3 27.4 13:15 WSW 26 1.1 5.6 12:30 -1.8 8:00 17.2 0.0 0.0 0.5 16.1 2:15 E 27 1.6 6.0 15:45 -1.8 7:15 16.7 0.0 0.0 3.1 24.1 13:15 ESE 28 1.8 4.9 15:30 -2.3 4:15 16.5 0.0 0.0 5.5 38.6 16:30 ESE 29 2.3 5.1 15:00 -1.8 00:00 16.0 0.0 0.0 6.4 38.6 13:15 ESE ------------------------------------------------------------------------------------- 3.6 12.4 21 -5.2 16 425.1 0.0 67.5 3.7 64.4 9 W Max >= 32.0: 0 Max <= 0.0: 0 Min <= 0.0: 14 Min <= -18.0: 0 Max Rain: 13.21 ON 09.02.16 Days of Rain: 18 (> .2 mm) 11 (> 2 mm) 0 (> 20 mm) Heat Base: 18.3 Cool Base: 18.3 Method: Integration
ANNUAL CLIMATOLOGICAL SUMMARY NAME: Wetterstation Eibach Hauptstrasse 11 CITY: Dillenburg-Eibach STATE: Deutschland ELEV: 300 m LAT: 50° 44' 42" N LONG: 8° 19' 30" E TEMPERATURE (°C), HEAT BASE 18.3, COOL BASE 18.3 DEP. HEAT COOL MEAN MEAN FROM DEG DEG MAX MAX MIN MIN YR MO MAX MIN MEAN NORM DAYS DAYS HI DATE LOW DATE >=32 <=0 <=0 <=-18 ------------------------------------------------------------------------------------ 16 1 4.5 -0.6 2.1 0.0 503 0 11.7 27 -13.6 19 0 3 13 0 16 2 6.5 0.7 3.6 0.0 425 0 12.4 21 -5.2 16 0 0 14 0 16 3 8.2 0.7 4.2 0.0 437 0 14.9 18 -6.6 1 0 0 12 0 16 4 14.2 2.4 8.0 0.0 308 1 21.8 21 -1.7 9 0 0 8 0 16 5 20.2 7.7 13.9 0.0 160 23 26.6 22 -0.3 5 0 0 2 0 16 6 23.4 11.6 16.9 0.0 82 41 35.7 23 5.2 20 2 0 0 0 16 7 25.3 13.1 18.8 0.0 55 70 36.2 20 7.3 7 1 0 0 0 16 8 25.5 11.1 18.0 0.0 80 69 36.6 26 3.6 11 4 0 0 0 16 9 24.7 10.4 16.9 0.0 97 55 32.5 13 3.8 22 2 0 0 0 16 10 12.8 4.9 8.5 0.0 302 0 18.5 16 -0.4 10 0 0 1 0 16 11 7.1 1.0 4.1 0.0 428 0 13.4 1 -8.8 30 0 0 9 0 16 12 4.0 -0.4 1.7 0.0 515 0 10.0 26 -8.7 5 0 3 14 0 ------------------------------------------------------------------------------------ 14.7 5.2 9.7 0.0 3392 258 36.6 AUG -13.6 JAN 9 6 73 0 PRECIPITATION (mm) DEP. MAX DAYS OF RAIN FROM OBS. OVER YR MO TOTAL NORM DAY DATE .2 2 20 --------------------------------------------- 16 1 78.4 Schneemengen ohne Zeitbezug 16 2 67.5 0.0 13.2 9 18 11 0 16 3 56.6 0.0 12.2 31 19 9 0 16 4 51.6 0.0 13.8 5 17 9 0 16 5 36.0 0.0 17.8 30 14 5 0 16 6 111.4 0.0 25.0 8 24 12 1 16 7 33.4 0.0 8.8 29 14 7 0 16 8 20.4 0.0 5.2 3 14 5 0 16 9 16.0 0.0 6.8 4 8 3 0 16 10 37.1 0.0 5.8 1 20 9 0 16 11 62.2 0.0 12.0 16 18 10 0 16 12 15.8 0.0 3.6 22 15 2 0 --------------------------------------------- 586.5 0.0 25.0 JUN 203 96 1 WIND SPEED (km/hr) DOM YR MO AVG. HI DATE DIR --------------------------------- 16 1 2.0 57.9 13 W 16 2 3.7 64.4 9 W 16 3 1.9 43.5 2 W 16 4 2.7 59.5 26 WNW 16 5 2.4 46.7 3 WNW 16 6 1.7 43.5 18 WNW 16 7 2.4 40.2 2 W 16 8 1.7 41.8 8 WNW 16 9 1.5 38.6 29 W 16 10 1.0 38.6 28 E 16 11 0.8 45.1 18 W 16 12 1.4 59.5 26 W --------------------------------- 1.9 64.4 FEB W
Zurück zur Startseite: